{"id":671,"date":"2017-06-23T13:42:07","date_gmt":"2017-06-23T13:42:07","guid":{"rendered":"http:\/\/dexter.evatheme.com\/demo\/?page_id=11"},"modified":"2022-02-28T14:40:39","modified_gmt":"2022-02-28T13:40:39","slug":"home","status":"publish","type":"page","link":"https:\/\/www.weddinglaboratory.cz\/","title":{"rendered":"\u00daVODN\u00cd STR\u00c1NKA"},"content":{"rendered":"<p>[vc_row full_width=&#8220;stretch_row_content_no_spaces&#8220; bg_type=&#8220;image&#8220; parallax_style=&#8220;vcpb-default&#8220; bg_override=&#8220;full&#8220; css=&#8220;.vc_custom_1565942026316{margin-top: 0px !important;margin-bottom: -70px !important;padding-top: 0px !important;padding-bottom: 0px !important;}&#8220;][vc_column][vc_icon][\/vc_column][\/vc_row][vc_row][vc_column][rev_slider_vc alias=&#8220;Home&#8220;][\/vc_column][\/vc_row]<\/p>\n","protected":false},"excerpt":{"rendered":"<p>[vc_row full_width=&#8220;stretch_row_content_no_spaces&#8220; bg_type=&#8220;image&#8220; parallax_style=&#8220;vcpb-default&#8220; bg_override=&#8220;full&#8220; css=&#8220;.vc_custom_1565942026316{margin-top: 0px !important;margin-bottom: -70px !important;padding-top: 0px !important;padding-bottom: 0px !important;}&#8220;][vc_column][vc_icon][\/vc_column][\/vc_row][vc_row][vc_column][rev_slider_vc alias=&#8220;Home&#8220;][\/vc_column][\/vc_row]<\/p>\n","protected":false},"author":1,"featured_media":0,"parent":0,"menu_order":0,"comment_status":"closed","ping_status":"closed","template":"","meta":[],"_links":{"self":[{"href":"https:\/\/www.weddinglaboratory.cz\/index.php?rest_route=\/wp\/v2\/pages\/671"}],"collection":[{"href":"https:\/\/www.weddinglaboratory.cz\/index.php?rest_route=\/wp\/v2\/pages"}],"about":[{"href":"https:\/\/www.weddinglaboratory.cz\/index.php?rest_route=\/wp\/v2\/types\/page"}],"author":[{"embeddable":true,"href":"https:\/\/www.weddinglaboratory.cz\/index.php?rest_route=\/wp\/v2\/users\/1"}],"replies":[{"embeddable":true,"href":"https:\/\/www.weddinglaboratory.cz\/index.php?rest_route=%2Fwp%2Fv2%2Fcomments&post=671"}],"version-history":[{"count":151,"href":"https:\/\/www.weddinglaboratory.cz\/index.php?rest_route=\/wp\/v2\/pages\/671\/revisions"}],"predecessor-version":[{"id":1473,"href":"https:\/\/www.weddinglaboratory.cz\/index.php?rest_route=\/wp\/v2\/pages\/671\/revisions\/1473"}],"wp:attachment":[{"href":"https:\/\/www.weddinglaboratory.cz\/index.php?rest_route=%2Fwp%2Fv2%2Fmedia&parent=671"}],"curies":[{"name":"wp","href":"https:\/\/api.w.org\/{rel}","templated":true}]}}